{"id":8,"date":"2022-06-21T10:11:45","date_gmt":"2022-06-21T08:11:45","guid":{"rendered":"http:\/\/localhost\/fkw\/?page_id=2"},"modified":"2022-12-20T14:54:31","modified_gmt":"2022-12-20T13:54:31","slug":"ueber-uns","status":"publish","type":"page","link":"http:\/\/www.fkw-kronprinzenkoog.de\/?page_id=8","title":{"rendered":"\u00dcber uns"},"content":{"rendered":"\n<div class=\"wp-block-group alignwide is-layout-flow wp-block-group-is-layout-flow\">\n<blockquote class=\"wp-block-quote is-layout-flow wp-block-quote-is-layout-flow\">\n<p>Wer oder was ist die FKW?<\/p>\n<\/blockquote>\n\n\n\n<p align=\"justify\">Am Sonntag, den 04. November 2012 hat sich die politische Farbenvielfalt von Kronprinzenkoog um eine neue Farbe &#8211; RotGr\u00fcnBlau &#8211; erweitert. Die Freie Kronprinzenk\u00f6ger W\u00e4hlervereinigung,&nbsp;&nbsp;hat sich aus ehemaligen Mitgliedern und W\u00e4hlern von UWK, CDU, SPD sowie freien B\u00fcrgern Kronprinzenkoogs gegr\u00fcndet. Hierbei wurde der Gr\u00fcndungsvertrag von 10 Mitb\u00fcrgern aus Kronprinzenkoog unterzeichnet und insgesamt 15 Mitglieder in die W\u00e4hlervereinigung aufgenommen.<\/p>\n<\/div>\n\n\n\n<div class=\"wp-block-group alignwide is-layout-constrained wp-block-group-is-layout-constrained\">\n<div class=\"wp-block-group alignwide is-layout-flow wp-block-group-is-layout-flow\">\n<h4 class=\"wp-block-heading\">Unser Vorstand<\/h4>\n\n\n\n<div class=\"wp-block-columns is-layout-flex wp-container-core-columns-is-layout-c6bc58be wp-block-columns-is-layout-flex\" style=\"padding-top:0px;padding-right:0px;padding-bottom:0px;padding-left:0px\">\n<div class=\"wp-block-column is-layout-flow wp-block-column-is-layout-flow\">\n<div class=\"wp-block-columns is-layout-flex wp-container-core-columns-is-layout-28f84493 wp-block-columns-is-layout-flex\">\n<div class=\"wp-block-column is-layout-flow wp-block-column-is-layout-flow\">\n<figure class=\"wp-block-image aligncenter size-full\"><img loading=\"lazy\" decoding=\"async\" width=\"180\" height=\"225\" src=\"http:\/\/www.fkw-kronprinzenkoog.de\/wp-content\/uploads\/2022\/07\/1vorsitz.jpg\" alt=\"\" class=\"wp-image-146\"\/><figcaption class=\"wp-element-caption\"><strong>1. Vorsitzender<br><\/strong>Alwin Sals<\/figcaption><\/figure>\n<\/div>\n\n\n\n<div class=\"wp-block-column is-layout-flow wp-block-column-is-layout-flow\" style=\"padding-top:0px;padding-right:0px;padding-bottom:0px;padding-left:0px\">\n<figure class=\"wp-block-image aligncenter size-full\"><img loading=\"lazy\" decoding=\"async\" width=\"180\" height=\"225\" src=\"http:\/\/www.fkw-kronprinzenkoog.de\/wp-content\/uploads\/2022\/07\/2vorsitz.jpg\" alt=\"\" class=\"wp-image-147\"\/><figcaption class=\"wp-element-caption\"><strong>2. Vorsitzende<br><\/strong>Cornelia Wenzel<\/figcaption><\/figure>\n\n\n\n<figure class=\"wp-block-image aligncenter size-full\"><img loading=\"lazy\" decoding=\"async\" width=\"180\" height=\"225\" src=\"http:\/\/www.fkw-kronprinzenkoog.de\/wp-content\/uploads\/2022\/07\/2005.jpg\" alt=\"\" class=\"wp-image-150\"\/><figcaption class=\"wp-element-caption\"><strong>Schriftf\u00fchrer<\/strong><br>J\u00f6rn Sievert<\/figcaption><\/figure>\n<\/div>\n\n\n\n<div class=\"wp-block-column is-layout-flow wp-block-column-is-layout-flow\">\n<figure class=\"wp-block-image aligncenter size-full\"><img loading=\"lazy\" decoding=\"async\" width=\"180\" height=\"225\" src=\"http:\/\/www.fkw-kronprinzenkoog.de\/wp-content\/uploads\/2022\/07\/3vorsitz.jpg\" alt=\"\" class=\"wp-image-148\"\/><figcaption class=\"wp-element-caption\"><strong>3. Vorsitzende<br><\/strong>Claudia St\u00fchmer<\/figcaption><\/figure>\n<\/div>\n<\/div>\n<\/div>\n<\/div>\n<\/div>\n<\/div>\n\n\n\n<div class=\"wp-block-group alignwide is-layout-flow wp-block-group-is-layout-flow\">\n<blockquote class=\"wp-block-quote is-layout-flow wp-block-quote-is-layout-flow\">\n<p>Grunds\u00e4tze der FKW<\/p>\n<\/blockquote>\n\n\n\n<p align=\"justify\"><strong>Kommunikation<\/strong>&#8230; ist sehr wichtig, doch h\u00e4lt sich die Gespr\u00e4chskultur in unserer Gemeinde in doch fragw\u00fcrdigen Grenzen. Wenn B\u00fcrger, die etwas zu sagen haben oder etwas konstruktiv anmerken und kritisieren wollen, letztlich als &#8222;unsachlich etc&#8220; hingestellt oder blo\u00df gestellt werden, endet das in einer Farce. Jeder sollte seine Meinung sagen d\u00fcrfen, ohne mit H\u00e4me rechnen zu m\u00fcssen. Das hat etwas mit Respekt und Achtung zu tun. Wenn aber genau das ausbleibt, ist ein offener und konstruktiver Dialog nicht m\u00f6glich. Wir setzen uns daf\u00fcr ein, dass gerade die Art und Weise der hier vorgelebten Kommunikation sich dringend \u00e4ndern muss. Nur im gegenseitigen Respekt kann man Probleme l\u00f6sen.<\/p>\n\n\n\n<p align=\"justify\"><strong>Miteinander<\/strong>&#8230; hei\u00dft nicht Gegeneinander. Der Zusammenhalt einer Gemeinschaft wird doch letztlich daran gemessen, wie man Aufgaben und Situationen gemeinsam bew\u00e4ltigt. Das geht aber nur im gegenseitigen Einvernehmen , Vertrauen und wieder nur mit Respekt. V\u00f6llig egal, wer welcher Partei angeh\u00f6rt, welchen Glauben man hat, welche Hautfarbe man tr\u00e4gt oder welcher pers\u00f6nlichen Meinung man \u00fcberzeugt ist, wir alle sitzen im gleichen Boot. Das beinhaltet Toleranz und soziale Kompetenz, und daf\u00fcr setzen wir uns ein. Wir wohnen nicht nur hier im Koog, wir sind auch ein Teil davon, &#8230;ein Teil vom Ganzen.<\/p>\n\n\n\n<p align=\"justify\"><strong>Transparenz<\/strong>&#8230; schreibt sich irgendwie jeder auf die Flagge, aber wird selten wirklich umgesetzt. Wenn auch verschiedene mediale Plattformen genutzt werden, so steht und f\u00e4llt die Information damit, wie der &#8222;Autor&#8220; eben berichtet. Fehlende Objektivit\u00e4t, Vernunft und\/oder auch nur ein gesunder Abstand k\u00f6nnen eine Information schon verf\u00e4lschen. So werden Meinungen manipuliert, \u00c4ngste gesch\u00fcrt und Stimmungen gemacht. Objektivit\u00e4t ist unerl\u00e4sslich und ein weiterer Baustein f\u00fcr das Vertrauen. Also ist es wichtig, die M\u00f6glichkeiten auszunutzen die uns die heutige Zeit vorgibt, d.h. die B\u00fcrger\/innen immer \u00fcber aktuelle Geschehnisse informieren um so nachhaltige Transparenz zu schaffen..<\/p>\n\n\n\n<p align=\"justify\"><strong>Soziale Kompetenz<\/strong>&#8230; h\u00f6rt sich auch sch\u00f6n an, umschreibt eigentlich aber nur eine Selbstverst\u00e4ndlichkeit. Unsere B\u00fcrger\/innen k\u00f6nnen uns nicht egal sein. Es muss auf ihre Bed\u00fcrfnisse und N\u00f6te eingegangen werden und es m\u00fcssen L\u00f6sungsans\u00e4tze erarbeitet und umgesetzt werden. Vorraussetzung hierf\u00fcr ist der Willen und die Bereitschaft, sich auch f\u00fcr die Belange der Mitb\u00fcrger einzusetzen und Hilfestellung geben zu wollen. Respekt und auch Demut vor den anderen Mitmenschen auch zwischen den Generationen ist absolut erforderlich und ein wichtiges Ziel. Soziales Engagement ist keine Last, sondern eine Erf\u00fcllung und eine Ehrerbietung dem Menschen gegen\u00fcber.<\/p>\n\n\n\n<p align=\"justify\"><strong>Basis-Demokratie<\/strong>&#8230; sollte nicht nur ein Schlagwort sein, sondern ist ein St\u00fcck gelebte und erlebte Demokratie. Bei gr\u00f6\u00dferen Projekten ist die Stimme der B\u00fcrger einzuholen. So werden die Menschen im Koog an den Beschl\u00fcssen, die uns alle betreffen, beteiligt und mit einbezogen werden. Wir tragen alle gemeinsamdie Verantwortung f\u00fcr unseren Koog und f\u00fcr die Zukunft auch unserer Kinder.<\/p>\n\n\n\n<p align=\"justify\"><strong>Zukunft<\/strong>&#8230; hei\u00dft morgen, also sollte der finanzielle Haushalt so ausgerichtet sein, dass L\u00f6sungen und Beschl\u00fcsse von heute nicht zu Problemen von morgen werden. Daher sollte stets die Zukunftssicherung im Fokus bei der Planung von Projekten und bei der Beschlussfassung sein. Wer aus der Geschichte lernt kann auch ohne Angst der Zukunft gegen\u00fcber treten. Wir stellen uns nicht gegen neue Ideen und\/oder Innovationen, mahnen allerdings zur Vorsicht und haben immer nur das Gemeinwohl im Blick.<\/p>\n\n\n\n<p align=\"justify\"><strong>Wir<\/strong>&#8230; wollen ein friedliches Zusammenleben durch gegenseitigen Respekt, Achtung und Wohlwollen erm\u00f6glichen und Br\u00fccken bauen, wo Gr\u00e4ben sind.. Es geht,&#8230;.wenn man dann wirklich will.<\/p>\n<\/div>\n","protected":false},"excerpt":{"rendered":"<p>Wer oder was ist die FKW? Am Sonntag, den 04. November 2012 hat sich die politische Farbenvielfalt von Kronprinzenkoog um eine neue Farbe &#8211; RotGr\u00fcnBlau &#8211; erweitert. Die Freie Kronprinzenk\u00f6ger W\u00e4hlervereinigung,&nbsp;&nbsp;hat sich aus ehemaligen Mitgliedern und W\u00e4hlern von UWK, CDU, SPD sowie freien B\u00fcrgern Kronprinzenkoogs gegr\u00fcndet. Hierbei wurde der Gr\u00fcndungsvertrag von 10 Mitb\u00fcrgern aus Kronprinzenkoog [&hellip;]<\/p>\n","protected":false},"author":1,"featured_media":0,"parent":0,"menu_order":0,"comment_status":"closed","ping_status":"closed","template":"","meta":{"footnotes":""},"class_list":["post-8","page","type-page","status-publish","hentry"],"_links":{"self":[{"href":"http:\/\/www.fkw-kronprinzenkoog.de\/index.php?rest_route=\/wp\/v2\/pages\/8","targetHints":{"allow":["GET"]}}],"collection":[{"href":"http:\/\/www.fkw-kronprinzenkoog.de\/index.php?rest_route=\/wp\/v2\/pages"}],"about":[{"href":"http:\/\/www.fkw-kronprinzenkoog.de\/index.php?rest_route=\/wp\/v2\/types\/page"}],"author":[{"embeddable":true,"href":"http:\/\/www.fkw-kronprinzenkoog.de\/index.php?rest_route=\/wp\/v2\/users\/1"}],"replies":[{"embeddable":true,"href":"http:\/\/www.fkw-kronprinzenkoog.de\/index.php?rest_route=%2Fwp%2Fv2%2Fcomments&post=8"}],"version-history":[{"count":5,"href":"http:\/\/www.fkw-kronprinzenkoog.de\/index.php?rest_route=\/wp\/v2\/pages\/8\/revisions"}],"predecessor-version":[{"id":509,"href":"http:\/\/www.fkw-kronprinzenkoog.de\/index.php?rest_route=\/wp\/v2\/pages\/8\/revisions\/509"}],"wp:attachment":[{"href":"http:\/\/www.fkw-kronprinzenkoog.de\/index.php?rest_route=%2Fwp%2Fv2%2Fmedia&parent=8"}],"curies":[{"name":"wp","href":"https:\/\/api.w.org\/{rel}","templated":true}]}}

Über uns

<div class="wp-block-group alignwide is-layout-flow wp-block-group-is-layout-flow">
<blockquote class="wp-block-quote is-layout-flow wp-block-quote-is-layout-flow">
<p>Wer oder was ist die FKW?</p>
</blockquote>



<p align="justify">Am Sonntag, den 04. November 2012 hat sich die politische Farbenvielfalt von Kronprinzenkoog um eine neue Farbe &#8211; RotGrünBlau &#8211; erweitert. Die Freie Kronprinzenköger Wählervereinigung,&nbsp;&nbsp;hat sich aus ehemaligen Mitgliedern und Wählern von UWK, CDU, SPD sowie freien Bürgern Kronprinzenkoogs gegründet. Hierbei wurde der Gründungsvertrag von 10 Mitbürgern aus Kronprinzenkoog unterzeichnet und insgesamt 15 Mitglieder in die Wählervereinigung aufgenommen.</p>
</div>



<div class="wp-block-group alignwide is-layout-constrained wp-block-group-is-layout-constrained">
<div class="wp-block-group alignwide is-layout-flow wp-block-group-is-layout-flow">
<h4 class="wp-block-heading">Unser Vorstand</h4>



<div class="wp-block-columns is-layout-flex wp-container-core-columns-is-layout-c6bc58be wp-block-columns-is-layout-flex" style="padding-top:0px;padding-right:0px;padding-bottom:0px;padding-left:0px">
<div class="wp-block-column is-layout-flow wp-block-column-is-layout-flow">
<div class="wp-block-columns is-layout-flex wp-container-core-columns-is-layout-28f84493 wp-block-columns-is-layout-flex">
<div class="wp-block-column is-layout-flow wp-block-column-is-layout-flow">
<figure class="wp-block-image aligncenter size-full"><img loading="lazy" decoding="async" width="180" height="225" src="http://www.fkw-kronprinzenkoog.de/wp-content/uploads/2022/07/1vorsitz.jpg" alt="" class="wp-image-146"/><figcaption class="wp-element-caption"><strong>1. Vorsitzender<br></strong>Alwin Sals</figcaption></figure>
</div>



<div class="wp-block-column is-layout-flow wp-block-column-is-layout-flow" style="padding-top:0px;padding-right:0px;padding-bottom:0px;padding-left:0px">
<figure class="wp-block-image aligncenter size-full"><img loading="lazy" decoding="async" width="180" height="225" src="http://www.fkw-kronprinzenkoog.de/wp-content/uploads/2022/07/2vorsitz.jpg" alt="" class="wp-image-147"/><figcaption class="wp-element-caption"><strong>2. Vorsitzende<br></strong>Cornelia Wenzel</figcaption></figure>



<figure class="wp-block-image aligncenter size-full"><img loading="lazy" decoding="async" width="180" height="225" src="http://www.fkw-kronprinzenkoog.de/wp-content/uploads/2022/07/2005.jpg" alt="" class="wp-image-150"/><figcaption class="wp-element-caption"><strong>Schriftführer</strong><br>Jörn Sievert</figcaption></figure>
</div>



<div class="wp-block-column is-layout-flow wp-block-column-is-layout-flow">
<figure class="wp-block-image aligncenter size-full"><img loading="lazy" decoding="async" width="180" height="225" src="http://www.fkw-kronprinzenkoog.de/wp-content/uploads/2022/07/3vorsitz.jpg" alt="" class="wp-image-148"/><figcaption class="wp-element-caption"><strong>3. Vorsitzende<br></strong>Claudia Stühmer</figcaption></figure>
</div>
</div>
</div>
</div>
</div>
</div>



<div class="wp-block-group alignwide is-layout-flow wp-block-group-is-layout-flow">
<blockquote class="wp-block-quote is-layout-flow wp-block-quote-is-layout-flow">
<p>Grundsätze der FKW</p>
</blockquote>



<p align="justify"><strong>Kommunikation</strong>&#8230; ist sehr wichtig, doch hält sich die Gesprächskultur in unserer Gemeinde in doch fragwürdigen Grenzen. Wenn Bürger, die etwas zu sagen haben oder etwas konstruktiv anmerken und kritisieren wollen, letztlich als &#8222;unsachlich etc&#8220; hingestellt oder bloß gestellt werden, endet das in einer Farce. Jeder sollte seine Meinung sagen dürfen, ohne mit Häme rechnen zu müssen. Das hat etwas mit Respekt und Achtung zu tun. Wenn aber genau das ausbleibt, ist ein offener und konstruktiver Dialog nicht möglich. Wir setzen uns dafür ein, dass gerade die Art und Weise der hier vorgelebten Kommunikation sich dringend ändern muss. Nur im gegenseitigen Respekt kann man Probleme lösen.</p>



<p align="justify"><strong>Miteinander</strong>&#8230; heißt nicht Gegeneinander. Der Zusammenhalt einer Gemeinschaft wird doch letztlich daran gemessen, wie man Aufgaben und Situationen gemeinsam bewältigt. Das geht aber nur im gegenseitigen Einvernehmen , Vertrauen und wieder nur mit Respekt. Völlig egal, wer welcher Partei angehört, welchen Glauben man hat, welche Hautfarbe man trägt oder welcher persönlichen Meinung man überzeugt ist, wir alle sitzen im gleichen Boot. Das beinhaltet Toleranz und soziale Kompetenz, und dafür setzen wir uns ein. Wir wohnen nicht nur hier im Koog, wir sind auch ein Teil davon, &#8230;ein Teil vom Ganzen.</p>



<p align="justify"><strong>Transparenz</strong>&#8230; schreibt sich irgendwie jeder auf die Flagge, aber wird selten wirklich umgesetzt. Wenn auch verschiedene mediale Plattformen genutzt werden, so steht und fällt die Information damit, wie der &#8222;Autor&#8220; eben berichtet. Fehlende Objektivität, Vernunft und/oder auch nur ein gesunder Abstand können eine Information schon verfälschen. So werden Meinungen manipuliert, Ängste geschürt und Stimmungen gemacht. Objektivität ist unerlässlich und ein weiterer Baustein für das Vertrauen. Also ist es wichtig, die Möglichkeiten auszunutzen die uns die heutige Zeit vorgibt, d.h. die Bürger/innen immer über aktuelle Geschehnisse informieren um so nachhaltige Transparenz zu schaffen..</p>



<p align="justify"><strong>Soziale Kompetenz</strong>&#8230; hört sich auch schön an, umschreibt eigentlich aber nur eine Selbstverständlichkeit. Unsere Bürger/innen können uns nicht egal sein. Es muss auf ihre Bedürfnisse und Nöte eingegangen werden und es müssen Lösungsansätze erarbeitet und umgesetzt werden. Vorraussetzung hierfür ist der Willen und die Bereitschaft, sich auch für die Belange der Mitbürger einzusetzen und Hilfestellung geben zu wollen. Respekt und auch Demut vor den anderen Mitmenschen auch zwischen den Generationen ist absolut erforderlich und ein wichtiges Ziel. Soziales Engagement ist keine Last, sondern eine Erfüllung und eine Ehrerbietung dem Menschen gegenüber.</p>



<p align="justify"><strong>Basis-Demokratie</strong>&#8230; sollte nicht nur ein Schlagwort sein, sondern ist ein Stück gelebte und erlebte Demokratie. Bei größeren Projekten ist die Stimme der Bürger einzuholen. So werden die Menschen im Koog an den Beschlüssen, die uns alle betreffen, beteiligt und mit einbezogen werden. Wir tragen alle gemeinsamdie Verantwortung für unseren Koog und für die Zukunft auch unserer Kinder.</p>



<p align="justify"><strong>Zukunft</strong>&#8230; heißt morgen, also sollte der finanzielle Haushalt so ausgerichtet sein, dass Lösungen und Beschlüsse von heute nicht zu Problemen von morgen werden. Daher sollte stets die Zukunftssicherung im Fokus bei der Planung von Projekten und bei der Beschlussfassung sein. Wer aus der Geschichte lernt kann auch ohne Angst der Zukunft gegenüber treten. Wir stellen uns nicht gegen neue Ideen und/oder Innovationen, mahnen allerdings zur Vorsicht und haben immer nur das Gemeinwohl im Blick.</p>



<p align="justify"><strong>Wir</strong>&#8230; wollen ein friedliches Zusammenleben durch gegenseitigen Respekt, Achtung und Wohlwollen ermöglichen und Brücken bauen, wo Gräben sind.. Es geht,&#8230;.wenn man dann wirklich will.</p>
</div>

<p>Wer oder was ist die FKW? Am Sonntag, den 04. November 2012 hat sich die politische Farbenvielfalt von Kronprinzenkoog um eine neue Farbe &#8211; RotGrünBlau &#8211; erweitert. Die Freie Kronprinzenköger Wählervereinigung,&nbsp;&nbsp;hat sich aus ehemaligen Mitgliedern und Wählern von UWK, CDU, SPD sowie freien Bürgern Kronprinzenkoogs gegründet. Hierbei wurde der Gründungsvertrag von 10 Mitbürgern aus Kronprinzenkoog [&hellip;]</p>
